{"id":100,"date":"2022-02-16T21:38:44","date_gmt":"2022-02-17T00:38:44","guid":{"rendered":"http:\/\/libermall.com.br\/?page_id=100"},"modified":"2022-02-17T20:42:22","modified_gmt":"2022-02-17T23:42:22","slug":"liber-mall","status":"publish","type":"page","link":"https:\/\/libermall.com.br\/","title":{"rendered":"LIBER MALL"},"content":{"rendered":"\n<div class=\"wp-block-image\"><figure class=\"aligncenter size-full is-resized\"><img loading=\"lazy\" decoding=\"async\" src=\"http:\/\/libermall.com.br\/wp-content\/uploads\/2022\/02\/Liber-Logo-1.webp\" alt=\"\" class=\"wp-image-133\" width=\"59\" height=\"59\" srcset=\"https:\/\/libermall.com.br\/wp-content\/uploads\/2022\/02\/Liber-Logo-1.webp 512w, https:\/\/libermall.com.br\/wp-content\/uploads\/2022\/02\/Liber-Logo-1-300x300.webp 300w, https:\/\/libermall.com.br\/wp-content\/uploads\/2022\/02\/Liber-Logo-1-150x150.webp 150w, https:\/\/libermall.com.br\/wp-content\/uploads\/2022\/02\/Liber-Logo-1-100x100.webp 100w\" sizes=\"auto, (max-width: 59px) 100vw, 59px\" \/><\/figure><\/div>\n\n\n\n<div class=\"wp-block-group\"><div class=\"wp-block-group__inner-container is-layout-flow wp-block-group-is-layout-flow\">\n<p class=\"has-text-align-center\">O primeiro e \u00fanico Shopping de Bayeux, idealizado e planejado para proporcionar momentos \u00fanicos de compras, servi\u00e7os, alimenta\u00e7\u00e3o, lazer e divers\u00e3o.<\/p>\n<\/div><\/div>\n\n\n\n<p><\/p>\n","protected":false},"excerpt":{"rendered":"<p>O primeiro e \u00fanico Shopping de Bayeux, idealizado e planejado para proporcionar momentos \u00fanicos de compras, servi\u00e7os, alimenta\u00e7\u00e3o, lazer e divers\u00e3o.<\/p>\n","protected":false},"author":1,"featured_media":15,"parent":0,"menu_order":0,"comment_status":"closed","ping_status":"closed","template":"","meta":{"footnotes":""},"class_list":["post-100","page","type-page","status-publish","has-post-thumbnail","hentry"],"_links":{"self":[{"href":"https:\/\/libermall.com.br\/index.php\/wp-json\/wp\/v2\/pages\/100","targetHints":{"allow":["GET"]}}],"collection":[{"href":"https:\/\/libermall.com.br\/index.php\/wp-json\/wp\/v2\/pages"}],"about":[{"href":"https:\/\/libermall.com.br\/index.php\/wp-json\/wp\/v2\/types\/page"}],"author":[{"embeddable":true,"href":"https:\/\/libermall.com.br\/index.php\/wp-json\/wp\/v2\/users\/1"}],"replies":[{"embeddable":true,"href":"https:\/\/libermall.com.br\/index.php\/wp-json\/wp\/v2\/comments?post=100"}],"version-history":[{"count":36,"href":"https:\/\/libermall.com.br\/index.php\/wp-json\/wp\/v2\/pages\/100\/revisions"}],"predecessor-version":[{"id":235,"href":"https:\/\/libermall.com.br\/index.php\/wp-json\/wp\/v2\/pages\/100\/revisions\/235"}],"wp:featuredmedia":[{"embeddable":true,"href":"https:\/\/libermall.com.br\/index.php\/wp-json\/wp\/v2\/media\/15"}],"wp:attachment":[{"href":"https:\/\/libermall.com.br\/index.php\/wp-json\/wp\/v2\/media?parent=100"}],"curies":[{"name":"wp","href":"https:\/\/api.w.org\/{rel}","templated":true}]}}